657
What are the prime factors of 819441?
3, 7, 13007
What are the prime factors of 298496?
2, 11, 53
What are the prime factors of 5820607?
13, 389, 1151
List the prime factors of 463442.
2, 7, 4729
What are the prime factors of 16856122?
2, 8428061
List the prime factors of 972631.
11, 29, 3049
What are the prime factors of 33113222?
2, 523, 31657
What are the prime factors of 6459?
3, 2153
What are the prime factors of 2613?
3, 13, 67
List the prime factors of 1614908.
2, 41, 43, 229
What are the prime factors of 7726827?
3, 23, 113, 991
List the prime factors of 464155.
5, 92831
What are the prime factors of 86547?
3, 17, 1697
List the prime factors of 5360982.
2, 3, 11, 43, 1889
List the prime factors of 433368.
2, 3, 13, 463
List the prime factors of 1018857.
3, 7, 29, 239
What are the prime factors of 49774?
2, 41, 607
What are the prime factors of 3560789?
3560789
List the prime factors of 22449752.
2, 13, 215863
What are the prime factors of 748113?
3, 29, 8599
List the prime factors of 737865.
3, 5, 19, 863
What are the prime factors of 4252832?
2, 347, 383
What are the prime factors of 92870?
2, 5, 37, 251
List the prime factors of 428954.
2, 139, 1543
What are the prime factors of 14350115?
5, 13, 220771
What are the prime factors of 71995?
5, 7, 11, 17
What are the prime factors of 57549?
3, 19183
List the prime factors of 1629736.
2, 101, 2017
What are the prime factors of 406238?
2, 7, 29017
List the prime factors of 6457541.
41, 239, 659
What are the prime factors of 2279204?
2, 61, 9341
List the prime factors of 496022.
2, 37, 6703
List the prime factors of 208129.
208129
What are the prime factors of 485523?
3, 73, 739
List the prime factors of 2821.
7, 13, 31
List the prime factors of 23157.
3, 31, 83
What are the prime factors of 1685?
5, 337
What are the prime factors of 780657?
3, 17, 15307
List the prime factors of 1610129.
37, 43517
What are the prime factors of 18694952?
2, 23, 101603
What are the prime factors of 228827?
23, 9949
What are the prime factors of 93835?
5, 7, 383
List the prime factors of 211694.
2, 7, 15121
What are the prime factors of 17789171?
47, 378493
List the prime factors of 1094520.
2, 3, 5, 7, 1303
List the prime factors of 1305511.
1305511
List the prime factors of 3175278.
2, 3, 529213
What are the prime factors of 8475522?
2, 3, 11, 281, 457
What are the prime factors of 231823?
231823
List the prime factors of 15869317.
887, 17891
What are the prime factors of 7560797?
1787, 4231
What are the prime factors of 2689562?
2, 1344781
What are the prime factors of 5292330?
2, 3, 5, 67, 2633
List the prime factors of 7678644.
2, 3, 41, 15607
What are the prime factors of 61648?
2, 3853
What are the prime factors of 1396882?
2, 23, 30367
What are the prime factors of 186988?
2, 46747
List the prime factors of 15824374.
2, 701, 11287
List the prime factors of 626907.
3, 101, 2069
What are the prime factors of 26754244?
2, 11, 23, 26437
What are the prime factors of 4708747?
4708747
List the prime factors of 199140.
2, 3, 5, 3319
What are the prime factors of 210260?
2, 5, 10513
What are the prime factors of 878022?
2, 3, 48779
What are the prime factors of 19013222?
2, 59, 2731
List the prime factors of 18607.
23, 809
List the prime factors of 26707.
17, 1571
List the prime factors of 886707.
3, 41, 89
What are the prime factors of 6972209?
29, 240421
List the prime factors of 2525712.
2, 3, 7, 7517
What are the prime factors of 135575?
5, 11, 17, 29
List the prime factors of 181022.
2, 90511
What are the prime factors of 133769?
133769
What are the prime factors of 18203665?
5, 31, 117443
What are the prime factors of 6416395?
5, 17, 19, 29, 137
List the prime factors of 4846581.
3, 17, 10559
What are the prime factors of 689039?
13, 53003
List the prime factors of 321163.
321163
List the prime factors of 550954.
2, 83, 3319
What are the prime factors of 254001?
3, 11, 43, 179
What are the prime factors of 205994?
2, 127, 811
List the prime factors of 118221.
3, 157, 251
List the prime factors of 13458529.
7, 499, 3853
What are the prime factors of 919043?
37, 59, 421
What are the prime factors of 1319589?
3, 151, 971
List the prime factors of 11433121.
7, 233329
List the prime factors of 5281408.
2, 11, 31
List the prime factors of 126374.
2, 179, 353
List the prime factors of 2616543.
3, 32303
List the prime factors of 260798.
2, 130399
List the prime factors of 399447.
3, 44383
What are the prime factors of 24667730?
2, 5, 23, 107251
What are the prime factors of 3515622?
2, 3, 11, 53267
List the prime factors of 16459257.
3, 5486419
What are the prime factors of 1574414?
2, 787207
List the prime factors of 4518905.
5, 903781
List the prime factors of 629257.
23, 109, 251
List the prime factors of 205853.
17, 12109
What are the prime factors of 83272?
2, 7, 1487
List the prime factors of 2300738.
2, 11, 104579
What are the prime factors of 132757?
132757
What are the prime factors of 6033369?
3, 2011123
What are the prime factors of 3260247?
3, 1086749
List the prime factors of 2704621.
89, 30389
What are the prime factors of 4173379?
7, 53, 1607
List the prime factors of 9659098.
2, 4829549
List the prime factors of 31131.
3, 1153
What are the prime factors of 19115475?
3, 5, 254873
What are the prime factors of 77332?
2, 19333
What are the prime factors of 146789?
229, 641
What are the prime factors of 680517?
3, 83, 911
List the prime factors of 110902.
2, 11, 71
What are the prime factors of 68719?
7, 9817
List the prime factors of 196097.
11, 17827
What are the prime factors of 436274?
2, 218137
What are the prime factors of 1238794?
2, 619397
List the prime factors of 2265385.
5, 23, 19699
What are the prime factors of 949287?
3, 316429
List the prime factors of 4219135.
5, 569, 1483
What are the prime factors of 10151649?
3, 125329
List the prime factors of 125237.
7, 17891
List the prime factors of 556769.
556769
What are the prime factors of 361089?
3, 53, 757
What are the prime factors of 948485?
5, 189697
What are the prime factors of 12198930?
2, 3, 5, 406631
List the prime factors of 240623.
240623
List the prime factors of 917745.
3, 5, 17, 59, 61
List the prime factors of 170832.
2, 3, 3559
What are the prime factors of 271730?
2, 5, 29, 937
List the prime factors of 76671.
3, 7, 1217
What are the prime factors of 507507?
3, 7, 11, 13
What are the prime factors of 12480712?
2, 1019, 1531
What are the prime factors of 5363087?
41, 130807
List the prime factors of 200177.
200177
What are the prime factors of 81937?
81937
List the prime factors of 1500007.
1500007
List the prime factors of 14906048.
2, 232907
What are the prime factors of 10128803?
10128803
List the prime factors of 9159938.
2, 19, 241051
List the prime factors of 5226.
2, 3, 13, 67
List the prime factors of 6875871.
3, 17, 29, 4649
What are the prime factors of 3413159?
239, 14281
What are the prime factors of 115475?
5, 31, 149
What are the prime factors of 367669?
19, 37, 523
List the prime factors of 26377254.
2, 3, 61, 24023
List the prime factors of 309155.
5, 7, 11, 73
What are the prime factors of 578147?
47, 12301
List the prime factors of 3217763.
3217763
What are the prime factors of 2795158?
2, 1397579
List the prime factors of 811336.
2, 37, 2741
What are the prime factors of 1652523?
3, 550841
List the prime factors of 3858709.
109, 35401
List the prime factors of 334555.
5, 13, 5147
What are the prime factors of 3919933?
53, 73961
What are the prime factors of 446865?
3, 5, 31
List the prime factors of 194329.
29, 6701
List the prime factors of 264770.
2, 5, 11, 29, 83
What are the prime factors of 3555241?
3555241
What are the prime factors of 485267?
127, 3821
List the prime factors of 263248.
2, 16453
List the prime factors of 772330.
2, 5, 13, 457
List the prime factors of 129223.
129223
List the prime factors of 137935.
5, 7, 563
List the prime factors of 326321.
47, 53, 131
List the prime factors of 694682.
2, 347341
List the prime factors of 669472.
2, 20921
What are the prime factors of 364420?
2, 5, 7, 19, 137
What are the prime factors of 1112444?
2, 278111
List the prime factors of 791239.
83, 9533
What are the prime factors of 1747300?
2, 5, 101, 173
List the prime factors of 28913258.